2041
Convert 60 (base 9) to base 15.
39
-3 (base 12) to base 5
-3
Convert 0 (base 5) to base 8.
0
Convert -a (base 14) to base 5.
-20
-146 (base 7) to base 3
-10002
What is -108 (base 13) in base 10?
-177
Convert 22 (base 16) to base 2.
100010
What is 46 (base 8) in base 11?
35
Convert 30 (base 5) to base 9.
16
Convert -2 (base 5) to base 8.
-2
What is -40 (base 15) in base 2?
-111100
-16 (base 11) to base 10
-17
What is -34 (base 11) in base 3?
-1101
What is -4 (base 12) in base 14?
-4
What is 0 (base 8) in base 10?
0
-111 (base 3) to base 11
-12
Convert 99 (base 14) to base 11.
113
Convert 106 (base 12) to base 8.
226
What is -3 (base 11) in base 9?
-3
Convert 3 (base 15) to base 12.
3
-2 (base 6) to base 12
-2
Convert -42 (base 11) to base 15.
-31
18 (base 13) to base 10
21
What is 4a (base 15) in base 4?
1012
-4 (base 15) to base 11
-4
What is -8 (base 12) in base 5?
-13
4 (base 15) to base 10
4
-2 (base 8) to base 5
-2
What is 4 (base 7) in base 13?
4
169 (base 14) to base 2
100100001
-316 (base 8) to base 4
-3032
-111001 (base 2) to base 7
-111
Convert 84 (base 11) to base 6.
232
210 (base 3) to base 9
23
Convert -221 (base 6) to base 8.
-125
1 (base 8) to base 12
1
10 (base 7) to base 4
13
-315 (base 6) to base 12
-9b
-5b (base 14) to base 2
-1010001
Convert 3 (base 4) to base 12.
3
What is 10 (base 6) in base 2?
110
What is -6 (base 13) in base 7?
-6
Convert -f (base 16) to base 12.
-13
-4 (base 13) to base 11
-4
10 (base 12) to base 13
c
Convert 10010 (base 2) to base 16.
12
What is -2 (base 8) in base 15?
-2
Convert b (base 15) to base 6.
15
What is -67 (base 10) in base 8?
-103
What is 4 (base 5) in base 11?
4
What is f (base 16) in base 12?
13
What is 3 (base 12) in base 13?
3
What is -4 (base 15) in base 2?
-100
Convert -55 (base 13) to base 6.
-154
Convert -28 (base 10) to base 15.
-1d
What is -14 (base 5) in base 7?
-12
Convert 155 (base 11) to base 9.
221
Convert -11202 (base 3) to base 2.
-10000000
Convert 2 (base 4) to base 12.
2
What is 33 (base 14) in base 7?
63
-7b (base 14) to base 2
-1101101
Convert -2 (base 10) to base 2.
-10
Convert 1230 (base 5) to base 6.
514
Convert -3 (base 8) to base 10.
-3
What is 13 (base 12) in base 4?
33
2 (base 7) to base 10
2
What is -a5 (base 11) in base 16?
-73
What is 45 (base 14) in base 15?
41
What is -122 (base 4) in base 9?
-28
a (base 14) to base 5
20
Convert 0 (base 16) to base 13.
0
Convert 2 (base 16) to base 4.
2
What is -41 (base 14) in base 15?
-3c
What is f (base 16) in base 5?
30
-200 (base 3) to base 15
-13
Convert 46 (base 12) to base 14.
3c
Convert -12 (base 4) to base 12.
-6
What is -2 (base 10) in base 2?
-10
What is 32 (base 6) in base 12?
18
What is 515 (base 7) in base 11?
214
Convert -142 (base 7) to base 6.
-211
1 (base 12) to base 2
1
-61 (base 10) to base 2
-111101
13 (base 12) to base 10
15
Convert 4e (base 15) to base 7.
134
What is 49 (base 14) in base 15?
45
Convert -195 (base 10) to base 3.
-21020
-3 (base 16) to base 4
-3
Convert -20 (base 13) to base 11.
-24
What is 0 (base 5) in base 9?
0
Convert -1 (base 7) to base 4.
-1
What is 1 (base 5) in base 14?
1
Convert 2 (base 12) to base 14.
2
What is 1 (base 11) in base 10?
1
Convert 64 (base 9) to base 12.
4a
10 (base 3) to base 6
3
-2 (base 13) to base 10
-2
What is 43 (base 9) in base 2?
100111
What is 4d (base 15) in base 11?
67
-144 (base 11) to base 3
-20021
What is -11 (base 10) in base 13?
-b
What is 100 (base 2) in base 4?
10
Convert c2 (base 15) to base 2.
10110110
Convert 11 (base 4) to base 13.
5
1 (base 14) to base 7
1
Convert 7 (base 9) to base 16.
7
Convert 1 (base 4) to base 2.
1
What is 101100 (base 2) in base 13?
35
What is -1100 (base 3) in base 8?
-44
Convert 65 (base 10) to base 2.
1000001
Convert 1 (base 15) to base 2.
1
What is 132 (base 5) in base 10?
42
9 (base 14) to base 15
9
-42 (base 12) to base 4
-302
-c (base 14) to base 12
-10
-555 (base 6) to base 12
-15b
51 (base 11) to base 2
111000
What is -1 (base 11) in base 3?
-1
Convert 3 (base 11) to base 8.
3
-2 (base 14) to base 2
-10
Convert -14 (base 11) to base 3.
-120
Convert -10 (base 13) to base 14.
-d
-11110000 (base 2) to base 9
-286
-11010 (base 2) to base 3
-222
-25 (base 10) to base 7
-34
Convert 10 (base 4) to base 16.
4
6 (base 8) to base 6
10
52 (base 6) to base 16
20
-1 (base 14) to base 6
-1
Convert -25 (base 14) to base 6.
-53
-2212 (base 5) to base 7
-616
-a6 (base 13) to base 6
-344
-b5 (base 15) to base 13
-101
Convert 110 (base 9) to base 7.
156
Convert 243 (base 5) to base 15.
4d
16 (base 10) to base 9
17
10100100 (base 2) to base 11
13a
-11 (base 5) to base 7
-6
-8 (base 14) to base 5
-13
Convert 11212 (base 3) to base 16.
83
What is 9a (base 15) in base 7?
265
Convert 220 (base 5) to base 11.
55
Convert -2022 (base 3) to base 8.
-76
What is -a9 (base 12) in base 15?
-89
What is -1 (base 4) in base 8?
-1
What is -4 (base 15) in base 12?
-4
3 (base 15) to base 7
3
Convert d (base 16) to base 12.
11
Convert -45 (base 9) to base 7.
-56
Convert -1 (base 15) to base 12.
-1
Convert -5 (base 10) to base 3.
-12
Convert -40 (base 6) to base 13.
-1b
-4 (base 11) to base 15
-4
Convert 70 (base 14) to base 4.
1202
Convert -4 (base 8) to base 9.
-4
9 (base 11) to base 15
9
What is 3 (base 9) in base 4?
3
-b1 (base 13) to base 15
-99
Convert 3e (base 15) to base 12.
4b
What is -122 (base 5) in base 16?
-25
Convert 83 (base 12) to base 11.
90
What is 312 (base 6) in base 9?
138
Convert -7 (base 8) to base 6.
-11
What is -1e (base 15) in base 8?
-35
What is -22 (base 4) in base 16?
-a
What is -20 (base 11) in base 6?
-34
-12 (base 5) to base 12
-7
Convert 13 (base 7) to base 3.
101
Convert 4 (base 9) to base 7.
4
-5 (base 12) to base 2
-101
-24 (base 9) to base 5
-42
-79 (base 14) to base 5
-412
What is 2 (base 4) in base 6?
2
Convert -39 (base 11) to base 14.
-30
Convert -126 (base 10) to base 6.
-330
Convert -2120 (base 3) to base 8.
-105
What is 1 (base 3) in base 9?
1
What is 1132 (base 4) in base 12?
7a
Convert 1 (base 12) to base 11.
1
Convert 19 (base 10) to base 8.
23
What is -1000 (base 2) in base 10?
-8
What is 11211 (base 3) in base 2?
10000010
What is 3 (base 15) in base 4?
3
-10 (base 15) to base 8
-17
-13 (base 10) to base 14
-d
Convert a (base 14) to base 11.
a
Convert -1 (base 10) to base 16.
-1
What is b (base 14) in base 15?
b
230 (base 4) to base 3
1122
Convert 10 (base 3) to base 14.
3
Convert -40 (base 8) to base 14.
-24
What is -257 (base 8) in base 10?
-175
Convert -10 (base 5) to base 16.
-5
-31 (base 15) to base 8
-56
What is 11 (base 7) in base 15?
8
What is -101 (base 3) in base 4?
-22
Convert 1100 (base 3) to base 5.
121
5 (base 14) to base 6
5
-5 (base 9) to base 8
-5
What is -10110 (base 4) in base 9?
-336
Convert -101 (base 4) to base 15.
-12
What is -55 (base 12) in base 5?
-230
What is -10111111 (base 2) in base 4?
-2333
What is -3 (base 10) in base 11?
-3
5 (base 9) to base 16
5
What is -41 (base 6) in base 2?
-11001
Convert f (base 16) to base 6.
23
What is -7 (base 8) in base 4?
-13
Convert -100120 (base 3) to base 12.
-196
Convert -20 (base 3) to base 7.
-6
-5 (base 12) to base 11
-5
-11000 (base 2) to base 16
-18
What is -4 (base 5) in base 7?
-4
What is 14 (base 6) in base 16?
a
Convert 9 (base 14) to base 9.
10
What is 52 (base 15) in base 3?
2212
What is 26 (base 16) in base 13?
2c
15 (base 9) to base 11
13
Convert 4 (base 13) to base 11.
4
What is -6 (base 11) in base 13?
-6
8 (base 13) to base 10
8
b (base 12) to base 6
15
Convert -23 (base 10) to base 3.
-212
87 (base 14) to base 7
230
What is -1 (base 3) in base 7?
-1
Convert -20 (base 15) to base 5.
-110
Convert -2 (base 16) to base 7.
-2
What is 3 (base 13) in base 7?
3
What is -11000 (base 2) in base 4?
-120
8 (base 10) to base 15
8
What is -22 (base 5) in base 11?
-11
Convert 335 (base 6) to base 14.
95
65 (base 7) to base 13
38
Convert -2 (base 5) to base 2.
-10
Convert 102 (base 3) to base 8.
13
Convert 42 (base 6) to base 5.
101
What is 82 (base 15) in base 14?
8a
Convert -12 (base 15) to base 13.
-14
What is -35 (base 8) in base 15?
-1e
-2 (base 3) to base 11
-2
149 (base 10) to base 5
1044
What is -5 (base 6) in base 3?
-12
What is -11 (base 2) in base 16?
-3
What is 10 (base 11) in base 4?
23
-54 (base 7) to base 4
-213